 -4*g + 3*h + 47 = 0. What is j(g)?
15
Let f be 1/((-24)/(-160))*21/2. Let k = f - 66. Suppose 0 = -k*o - 4*o + 48. Let y(r) = r - 3. What is y(o)?
3
Let w(x) = -347*x + 168*x + 5 + 10 + 175*x. Calculate w(-3).
27
Let w(q) = -21 - 11*q + 2*q - 5*q + q. Give w(-3).
18
Let q be (9 - 9)/(-3 - 3). Suppose q = i - 3*i - 8. Let m(v) = -v**3 - 5*v**2 - 3*v - 1. Calculate m(i).
-5
Let k(u) be the third derivative of u**4/24 - 3*u**3/2 + 11*u**2. Suppose 3*v = 6 + 3. Suppose -z - 12 = -v*z. Calculate k(z).
-3
Let i(d) be the second derivative of -d**5/20 - 13*d**4/12 + 29*d**3/6 + 9*d**2 + 2*d + 474. What is i(-15)?
33
Suppose -5*b = -b - 5*y + 19, -b + 2 = y. Let h(o) be the third derivative of -11*o**6/60 + o**5/60 - 86*o**2. Calculate h(b).
23
Let u be (-18)/(-4)*(66/(-891))/(5/(-225)). Let a(t) = t**2 - 13*t - 52. Determine a(u).
-22
Let k(d) = -2*d + 6. Let p be (-1)/((-5)/(-10))*(2 - -3). Let j be (-32)/(-40)*p/(-4). Suppose -j*o - 14 = -y, 32 = 4*y - 3*o + o. What is k(y)?
-6
Let r be -5 - (-40)/(-6)*81/(-108). Let j(d) = d - 8. Let o be j(8). Let a(l) = -2*l**3 + 3 - l - 4*l**2 + o*l**2 + l**3 + 5*l**2. Give a(r).
3
Suppose 853*n = 907*n + 34 + 20. Let i(k) = -7*k**2 + 5*k + 5. What is i(n)?
-7
Let a(g) = g**2 - 9*g + 4. Let f(x) = 11*x + 34. Let r be f(-3). Let z(o) = 2*o - 1. Let b(j) = r*a(j) + z(j). What is b(6)?
-3
Let l be -10 + 0 + -11 + 16. Let d(f) = -20*f - 96. Determine d(l).
4
Let v(w) be the first derivative of 2*w**3/3 - 7*w**2/2 - 8151. Give v(2).
-6
Let i(t) be the first derivative of -t**4/4 + 2*t**3 - 5*t**2/2 - 3*t - 1. Let o(y) = 8*y + 101. Let z be o(-12). Give i(z).
-3
Let s = 0 - -5. Let o(x) = 2*x**3 + 603840*x**2 - 7 - 603845*x**2 - x**3. Give o(s).
-7
Let d(v) = -v**3 - 15*v**2 + v + 17. Let f be d(-15). Let h(z) = 2 - z + 2*z**2 + 2*z**2 - z**f - 2*z**3. Let p(k) = -k**2 - 5*k - 2. Let t be p(-4). Give h(t).
-4
Suppose -6*t = -42 + 30. Let f(y) = -2*y - 16*y**t - y**3 + 10*y**2 - 7 + 9. Determine f(-5).
-13
Let x(z) = z**2 + 2*z + 3. Let a(s) be the second derivative of 19/6*s**3 - 7*s**2 + 0 + s**4 + 20*s + 1/20*s**5. Let c be a(-10). What is x(c)?
11
Let n(w) = w**3 + w**2 - 10*w - 3. Let f(d) = d**2 + d + 1. Let x(p) = -4*f(p) - n(p). Let z(o) = o**2 + 4*o - 11. Let c = 362 - 367. Let y be z(c). Give x(y).
-1
Let p(q) be the third derivative of q**4/12 + 9*q**3/2 - 274*q**2 - q. Determine p(5).
37
Let c(x) be the first derivative of -6*x + 0*x**3 + 46 + 1/4*x**4 + 1/2*x**2. Determine c(0).
-6
Let o(r) = r**2 + 6*r - 3. Let n = -35 + 35. Let y be (n - -1)*360/(-8). Let f = 39 + y. Give o(f).
-3
Let q(r) = -11*r - 30. Let d be q(8). Let m = d + 114. Let w(f) = -f**2 - 2*f - 5. What is w(m)?
-13
Let u(m) be the third derivative of 1/12*m**4 - 2*m + 0 - 51*m**2 - 1/60*m**5 + 1/2*m**3. What is u(4)?
-5
Let u(b) = 5*b - 32. Let o(j) = -6*j + 38. Let v(g) = 4*o(g) + 5*u(g). Let z(f) = 9. Let x = -2 - -5. Let n(i) = x*z(i) + 4*v(i). Calculate n(6).
19
Let l be -3 - (-4)/3*63/6. Let q(o) = 5*o**2 - 3. Let d(m) = 14*m**2 - m - 10. Let i(k) = l*q(k) - 4*d(k). Determine i(5).
2
Let v be 4/14 + 47/7. Let s = -2 + v. Let u(k) be the first derivative of -k**3/3 + k**2 - 7*k + 393. Calculate u(s).
-22
Let t(r) = -5*r - 4. Let b(o) = -11*o - 7. Let p(k) = -6*b(k) + 13*t(k). Let l = 168 + -165. Suppose -l*c + 15 = 3*s, -2*s = -3*c - 14 - 6. What is p(s)?
-3
Suppose -22*m = -25*m + 21. Let u(p) = 149*p - m + 11 - 150*p + 10. Give u(12).
2
Let w = 475 - 461. Let f(n) = 6*n + 4*n - w*n. Calculate f(-3).
12
Let m(r) = r**2 - 6*r - 8. Suppose 3*g + 4*c = -17, 3*c + 1 = -5. Let l be (-9)/(-12)*(-5 + g). Let f = l + 13. Determine m(f).
-1
Let j(h) be the second derivative of 1/20*h**5 - 2*h + 5/2*h**2 + 7/6*h**4 - 33 + 1/6*h**3. Calculate j(-14).
-9
Let h(f) = 5*f + 7. Let z(t) = t - 1. Let s(w) = -h(w) + 6*z(w). Let b(r) = -r**2 + 13*r - 21. Let v be b(10). Let q = v - 2. Calculate s(q).
-6
Let z(u) = 14*u**2 - 29*u. Let r(t) = -10*t**2 + 20*t - 1. Let k(q) = -4*r(q) - 3*z(q). What is k(-2)?
-18
Suppose 32*i = 19*i + 39. Let y(s) = 18*s + 2*s**2 - s**2 - 25*s + i*s**2 - 3*s**2 - 4. Determine y(9).
14
Suppose -y + y + 18*y = -6*y + 48. Let o(l) = l**2 - l - 1. Let k(h) = 5*h**2 - 5*h - 3. Let u(z) = -k(z) + 2*o(z). Determine u(y).
-5
Let p(h) = -2*h**2 - 13*h - 21. Let t = -14700 + 14698. Determine p(t).
-3
Let c = 783 - 452. Let t = c + -329. Let d(m) = -2*m + 3*m**2 - 2*m**3 - 3 + 3. Determine d(t).
-8
Let k(t) be the first derivative of 3*t**2 - 76*t + 70*t + 97 - 6*t**2 + 2*t**2. Determine k(-6).
6
Let z(s) be the first derivative of -162 + 3*s**2 + 5*s - 1/4*s**4 + 5/3*s**3. Give z(6).
5
Let s = -102 - -104. Let v(w) = -s*w - w + 5*w - w - 6. Give v(6).
0
Suppose 6*d - 4*d - 4 = 0. Suppose -4*h = 2*b - 8, -b = -4*h - d - 8. Let q(z) = -z**2 + 8*z - 12. Calculate q(b).
0
Let l(x) = -x**2 - 5*x - 3. Let g be 2/15 - (-3224)/120. Suppose g*c = 26*c - 5. Determine l(c).
-3
Suppose 0*k - k = 0. Let p(c) = -c**3 + 4*c - 214 + 103 - 4*c**2 + 109. Let z(d) = -d**2 + d. Let f(o) = -p(o) + 4*z(o). What is f(k)?
2
Let k(o) = o**3 + 4*o**2 - 10*o - 6. Let x be ((-104)/(-24) + -4)*-18. Give k(x).
-18
Let f be ((-7)/14)/(1/(-8)). Let u = -2 + 7. Let q(s) = -u*s + 0*s**2 + s**2 - 1 + 2. Give q(f).
-3
Let w(p) = -19*p + 7. Let h(d) = -9*d**2 + 69*d + 26. Let g be h(8). Calculate w(g).
-31
Let u(x) = 6*x - 45. Let n be u(8). Suppose -t - n*t = 0. Suppose 10 = -t*v - 2*v. Let p(g) = g**2 + 2*g - 1. Determine p(v).
14
Let o(j) be the third derivative of -j**4/24 + 4*j**3/3 - j**2. Let f be (7/2)/(2 + 12/(-8)). Let n be o(f). Let u(b) = -2*b - 1. Give u(n).
-3
Let o(t) = -36*t**2 + 2*t - 1. Let v be (7/35)/((-7)/(-35)). Determine o(v).
-35
Suppose 0 = -4*i + 10*i + 36. Let c be (-3 + 2)/((-8 - i) + 3). Let r(q) = -8*q**2 - q + 1. Let l(w) = -w**2 + 1. Let k(u) = 2*l(u) - r(u). Determine k(c).
6
Let a(o) = 13*o - 16. Let t(c) = 7*c - 1. Let f(n) = a(n) - 2*t(n). Let h = -364 - -349. What is f(h)?
1
Let v(o) = -69*o - 65. Let w be v(-1). Let t(c) = c**3 - 6*c + 5. What is t(w)?
45
Let r(h) be the second derivative of 1/3*h**3 - 8*h - 5/12*h**4 - 4 + 5/2*h**2 - 1/20*h**5. What is r(-6)?
29
Let x(t) = 32*t + 635. Let c(n) = 11*n + 227. Let z(a) = 17*c(a) - 6*x(a). Determine z(8).
9
Let u(p) be the second derivative of -p**4/12 + 7*p**3/6 - 2*p**2 - 2*p + 55. Suppose -2*a + 11 - 3 = 0. What is u(a)?
8
Let t(s) be the second derivative of -11*s**4/24 - s**3/2 - 79*s**2/2 - 4*s - 4. Let v(i) be the first derivative of t(i). What is v(-2)?
19
Let c(s) = -4*s**2 + s - 3. Let a(h) = 3*h**2 - h + 2. Let r(j) = -7*a(j) - 5*c(j). Let w = -63 + 73. Suppose -1 = -i - 4*m, -4*i = -w*m + 15*m + 7. Give r(i).
-14
Let q(f) = 3*f + 2*f**2 - 12 + 13*f - 59*f + 15*f + 7*f. Determine q(11).
-1
Let x(a) = -2*a - 2501 + 4*a + 5006 - 2499. Let t be (-5)/5 + 0 + 2 + 3. What is x(t)?
14
Let h(p) = -6*p**2 + 4*p + 2*p**2 + 3*p**2. Suppose 381 + 579 = -4*o. Let r = -236 - o. What is h(r)?
0
Let t(j) be the third derivative of j**5/60 - j**4/12 - j**3/2 + 2*j**2 - 75*j. Let l(v) = 5*v**2 - 26*v - 34. Let f(o) = l(o) - 6*t(o). Give f(-12).
8
Suppose -2*v + 3 - 9 = 4*z, -4 = 2*z. Let g(p) = 20*p**3 + 3*p - 1. Calculate g(v).
22
Let h(q) = 5*q**3 - q - 1. Let p(u) = 2*u**2 + 10*u + 7. Let v(i) = i + 1. Suppose 5*a - 7 = -32. Let l be v(a). Let o be p(l). What is h(o)?
-5
Suppose -4*d + 4*u - 1136 = 0, -2*u - 972 = 4*d + 164. Let c = d + 289. Let m(i) = i + 1. Calculate m(c).
6
Let b(h) = -h**3 + 9*h**2 + 2. Let p(w) = -w**2 + 6*w - 3. Let n be (3 - 2) + 7 + 0. Let s be p(n). Let i = s + 28. What is b(i)?
2
Let m(r) = 4*r - 3. Let q(l) = -3*l**2 + 77*l - 116. Let b be q(24). Calculate m(b).
13
Suppose -31*v + 33 = 13 - 11. Let t(o) = 22*o - 4. What is t(v)?
18
Let u = 113 - 110. Let z be (0*(u + 5 + -7))/1. Let c(w) be the first derivative of w**4/4 - w**3/3 + 13*w - 1. Determine c(z).
13
Let f(k) = 85*k + 599. Let l be f(-7). Let r(o) = -5*o**2 + 26*o - 22. Determine r(l).
2
Suppose 232 = -6*w - 4*u, -18*w + 52 = -19*w + 2*u. Let c(i) = -8*i**2 - 336*i + 3. Calculate c(w).
3
Let x(a) = -3*a**3 - 61*a**2 + 101*a - 193. Let v be x(-22). Let h(m) = 15*m + 4. Calculate h(v).
79
Let k = 30999 - 31001. Let c(z) = -4*z - 22. Give c(k).
-14
Let j(w) = -w + 1. Let d be -2 - 8/(6/(-3)). Let v(